s 12653134853 prime?
False
Is 5147576639 a prime number?
False
Is 54156877889 a prime number?
True
Is 3738574055 a composite number?
True
Is 6659709239 prime?
True
Is 250124117 a composite number?
True
Is 1407592379 composite?
False
Is 15420994603 composite?
True
Is 4051889447 a prime number?
True
Is 3273999061 a composite number?
False
Is 13106872951 prime?
False
Is 813721757 a prime number?
True
Is 6910215017 a prime number?
True
Is 6653095901 a prime number?
True
Is 1690237531 a composite number?
True
Is 5438069099 a composite number?
False
Is 302614264903 composite?
False
Is 48606908957 a composite number?
False
Is 9435090605 prime?
False
Is 33297027199 prime?
False
Is 5680410713 composite?
True
Is 2179094563 composite?
True
Is 5185328281 a composite number?
True
Is 313860941 composite?
True
Is 556900741 composite?
False
Is 3718039177 a prime number?
True
Is 814422197 composite?
False
Is 1728240197 a composite number?
True
Is 82775259967 prime?
False
Is 21472900591 composite?
False
Is 900984551 a composite number?
False
Is 191053199 prime?
True
Is 23044965913 a prime number?
False
Is 32923086257 prime?
True
Is 974363129 a composite number?
True
Is 831602693 a prime number?
True
Is 3208037551 composite?
True
Is 1760396299 prime?
True
Is 11041230583 composite?
False
Is 656440573 composite?
True
Is 1270410197 a prime number?
False
Is 720352421 prime?
False
Is 2532260639 a prime number?
True
Is 3466130401 composite?
False
Is 229218551 prime?
False
Is 11680246079 composite?
True
Is 31232462099 a composite number?
True
Is 2111531623 composite?
True
Is 14588965441 a prime number?
False
Is 64094273147 a prime number?
True
Is 2003830631 prime?
False
Is 17403941693 a composite number?
False
Is 16404653303 composite?
False
Is 1898627513 a composite number?
False
Is 841358326 a prime number?
False
Is 449383229 composite?
False
Is 8926139429 composite?
False
Is 7071471523 a prime number?
False
Is 2178988549 prime?
False
Is 2147274413 composite?
False
Is 3915859099 a composite number?
False
Is 91175717281 a composite number?
True
Is 39917969681 a prime number?
False
Is 321639803389 a prime number?
True
Is 28920916229 a composite number?
False
Is 3900854553 composite?
True
Is 13957527097 composite?
False
Is 62664571 composite?
True
Is 1095339407 composite?
False
Is 1848509573 composite?
True
Is 30067599871 composite?
False
Is 872709199 composite?
False
Is 9625570687 a composite number?
True
Is 572806462 composite?
True
Is 13722112969 a prime number?
True
Is 1609827797 composite?
False
Is 1975404577 a prime number?
False
Is 636663493 a prime number?
False
Is 860269861 composite?
True
Is 84278133971 composite?
True
Is 328689015593 composite?
False
Is 2035530817 a prime number?
True
Is 1406485987 a composite number?
False
Is 1007047477 prime?
True
Is 13467817 a composite number?
True
Is 10424904727 composite?
True
Is 9841236529 composite?
False
Is 341363207 composite?
True
Is 1613146889 a composite number?
True
Is 68699119 a composite number?
True
Is 2646016603 composite?
False
Is 89686027391 prime?
False
Is 967602431 a composite number?
False
Is 1876644377 a prime number?
False
Is 1424788817 a composite number?
True
Is 9814584287 a composite number?
False
Is 679418833 a composite number?
False
Is 77762018699 composite?
False
Is 149566346701 a prime number?
True
Is 3501869453 a prime number?
True
Is 4740045517 a composite number?
False
Is 22143174329 a composite number?
False
Is 92740309919 a prime number?
False
Is 1366256767 a composite number?
False
Is 17280794851 prime?
False
Is 245076904783 a composite number?
True
Is 7033386307 composite?
False
Is 1965220771 a prime number?
True
Is 546500957 a composite number?
False
Is 70842064057 a prime number?
True
Is 2679716989 a prime number?
False
Is 16701996329 composite?
True
Is 680617699 prime?
True
Is 195852898991 a composite number?
False
Is 97539307 prime?
False
Is 27370561607 a prime number?
True
Is 15963705677 a prime number?
False
Is 12915154451 composite?
False
Is 1998913129 a prime number?
True
Is 109022224303 composite?
False
Is 6669273613 composite?
False
Is 697200211 composite?
True
Is 94538953 prime?
True
Is 38236295473 composite?
False
Is 72215933 a composite number?
True
Is 9302282533 composite?
False
Is 343743271 a prime number?
False
Is 35545439803 a prime number?
True
Is 9219714589 composite?
False
Is 5392731791 prime?
False
Is 1672575347 composite?
False
Is 293939600027 a composite number?
False
Is 14139522017 composite?
False
Is 342331163 composite?
False
Is 36103695449 composite?
True
Is 167812349 prime?
True
Is 21831217 composite?
False
Is 83104187 prime?
False
Is 3306914867 a composite number?
False
Is 269675587 a composite number?
False
Is 2080537819 prime?
True
Is 6802698785 a prime number?
False
Is 749865341 composite?
True
Is 14659393933 prime?
True
Is 8964727337 a composite number?
False
Is 323465167 a prime number?
True
Is 2245228859 composite?
False
Is 2166256681 composite?
True
Is 4715798599 a composite number?
True
Is 1504075718 composite?
True
Is 16757329751 a prime number?
False
Is 252175073 prime?
True
Is 153813973 composite?
False
Is 177916889 a composite number?
False
Is 4021568503 prime?
False
Is 1125700399 a composite number?
False
Is 1075270607 prime?
False
Is 1430507521 a composite number?
True
Is 3702268207 a prime number?
False
Is 945602563 a composite number?
False
Is 35198520139 composite?
False
Is 2810557073 composite?
False
Is 258207697147 composite?
True
Is 246934133 a composite number?
False
Is 88496206811 a prime number?
True
Is 480378797 a composite number?
True
Is 9881021389 composite?
False
Is 5243849851 a composite number?
True
Is 5290465358 prime?
False
Is 4784131777 a composite number?
True
Is 5862473453 a composite number?
True
Is 1067379827 prime?
False
Is 234619094849 prime?
True
Is 964197599 a composite number?
True
Is 96350802729 composite?
True
Is 139612669453 a composite number?
False
Is 53890512161 a composite number?
True
Is 2684316377 a composite number?
True
Is 119873161 a prime number?
True
Is 15696553 prime?
True
Is 2883818753 a prime number?
True
Is 57289411 a prime number?
False
Is 5287969627 composite?
False
Is 7865136647 a prime number?
True
Is 30549247 a composite number?
False
Is 7109401786 composite?
True
Is 1248448739 a prime number?
True
Is 169469969 prime?
True
Is 1485689851 composite?
False
Is 915261673 prime?
False
Is 677046011 a prime number?
False
Is 17870453943 prime?
False
Is 53578144219 a composite number?
False
Is 5305830109 composite?
True
Is 5465114981 a composite number?
True
Is 4663673727 composite?
True
Is 829156373 composite?
False
Is 643906937 a prime number?
False
Is 3218524753 a composite number?
True
Is 13415313559 a prime number?
True
Is 59796308563 a composite number?
False
Is 2747214181 prime?
False
Is 34926108158 a composite number?
True
Is 14531553637 a prime number?
False
Is 360864485 a composite number?
True
Is 226437036901 prime?
True
Is 11373447959 prime?
True
Is 3461568911 a prime number?
True
Is 32218423357 a composite number?
True
Is 1741489691 composite?
False
Is 61269957313 prime?
False
Is 52423951963 a composite number?
False
Is 468534797 a composite number?
False
Is 10765061299 a composite number?
False
Is 5415806947 prime?
False
Is 27718612751 prime?
False
Is 19823270617 composite?
True
Is 3615667207 composite?
False
Is 140019013 a composite number?
True
Is 1014317341 a prime number?
False
Is 2623991261 a prime number?
False
Is 492590695 a composite number?
True
Is 342121891 a prime number?
True
Is 69425953 a composite number?
True
Is 130679687 prime?
False
Is 128466549979 composite?
True
Is 6246685283 composite?
True
Is 186746549569 a composite number?
False
Is 1630174769 composite?
False
Is 46967602033 prime?
False
Is 9411833 prime?
True
Is 5956522133 a prime number?
False
Is 580596997 composite?
False
Is 1811304113 composite?
True
Is 280399997 composite?
False
Is 16528442927 composite?
False
Is 89292871 prime?
True
Is 643742651 a prime number?
True
Is 575358997 prime?
True
Is 18711133429 prime?
False
Is 14442878131 composite?
True
Is 2581832977 prime?
False
Is 606314036321 a composite number?
True
Is 128341379 a prime number?
False
Is 14831184365 composite?
True
Is 1927252183 prime?
False
I